 (-2 - -8).
2
Suppose -n + 8 = 4*n + 2*b, -2*b = n. Suppose i = 3*k - 2*i - 54, 36 = n*k - 4*i. Calculate the remainder when 52 is divided by k.
16
Let f = 22 + -8. Calculate the remainder when f is divided by (-10)/((-6)/3)*1*1.
4
Suppose -8*x - 3 = -11*x. Calculate the remainder when 32 is divided by 19 - x - (-9 - -10).
15
Suppose 14*z - 49 = 329. What is the remainder when 51 is divided by z?
24
Suppose 6*l = 2*l - 48. Calculate the remainder when 2/5 - (-2856)/85 is divided by l/3*9/(-2).
16
Let w(u) = u**3 - 6*u**2 + 5*u - 7. Calculate the remainder when w(6) is divided by 17.
6
Let z = -72 + 91. Calculate the remainder when z is divided by 14.
5
Let q(c) = c**3 - c**2 + 26. Let d be -2*(62/(-4) + 1). Let g = d - 15. Calculate the remainder when q(0) is divided by g.
12
Suppose 0 = -7*h + 186 - 32. Suppose m - 4*k - 4 = 22, -m - 9 = 3*k. Calculate the remainder when h is divided by m.
4
What is the remainder when 11 - (-7 + (4 - 0)) is divided by 4?
2
Let j = -740 - -1126. Suppose -4*p + j - 104 = -5*s, 42 = -s - 4*p. Let g = s + 81. Calculate the remainder when g is divided by 14.
13
Let v be -21 + -2 + (-3)/(-3). Let d = v + 35. Suppose -3*i = u + d, 0*u + 4*i + 30 = 5*u. Calculate the remainder when 7 is divided by u.
1
Suppose -j = 3*j - 44. Calculate the remainder when 20 is divided by j.
9
Let n(x) = -x + 12. Suppose -3*h + 265 = 2*h. Let z = -33 + h. Calculate the remainder when z is divided by n(5).
6
Let c(a) = a**3 - 10*a**2 + 10*a + 12. What is the remainder when c(9) is divided by 11?
10
Suppose 4*w = -5*j - 0*w - 121, 3*j + 4*w + 79 = 0. Let s be (j/4)/(15/(-40)). Suppose 0*t = t - s. Calculate the remainder when 41 is divided by t.
13
Suppose -5*j + 4*j = 13. Let h = j + 27. Calculate the remainder when 39 is divided by h.
11
Let i be 105/6*(4 + 2). Let l = i + -164. Let h = l + 83. Calculate the remainder when h is divided by 13.
11
Suppose g + 3*g = 20. Suppose 4*z - g*m - 115 = 0, -2*m + 7*m + 15 = 0. Suppose -w + 2*w = 13. What is the remainder when z is divided by w?
12
Calculate the remainder when 79 - ((-3)/6 + 21/6) is divided by 20.
16
What is the remainder when ((-28)/(-8) - 3)*250 is divided by 32?
29
Suppose -3*h + 0*h = -48. Suppose -5*x + 3*x + h = 0. What is the remainder when 23 is divided by x?
7
Suppose 3*b + b - 128 = 0. Let a be 4/8 - 66/(-4). Let q = a - 0. Calculate the remainder when b is divided by q.
15
Let h(f) = f**2 + 4*f - 10. Calculate the remainder when 32/(-48)*(-1 + -29) is divided by h(-7).
9
Let r = 3 + -7. What is the remainder when r/26 + 942/39 is divided by 9?
6
Suppose 0*m + m = 0. Suppose -4*q - 12 = -32, m = d + 3*q - 48. What is the remainder when d is divided by (-1 + 2)*(-4 - -21)?
16
Let h be 2/(-4)*(-42 - -2). What is the remainder when 21 is divided by 6/(-9) + h/3?
3
Let l(r) = -6*r**2 + r - 1. Let c be l(1). Let b = c - -15. Suppose -4*i + 14 = 2*d - b*i, 5*d + i = 35. What is the remainder when 27 is divided by d?
6
Calculate the remainder when -3 + ((-3)/(-2))/((-6)/(-320)) is divided by 27.
23
Suppose 16 = 2*m - 26. What is the remainder when m is divided by 11?
10
Suppose -6*z = -60 - 42. Calculate the remainder when 65 is divided by z.
14
Suppose -i + 2 = o + 3, 0 = 2*o - 5*i - 33. Suppose -266 = -o*a + 3*s, -a - 17 + 80 = s. What is the remainder when a is divided by 17?
14
Let m = -8 - -17. What is the remainder when m is divided by (0 + -3*2)*-1?
3
Suppose 3*b + 2*m - 21 = -0*b, m + 3 = 0. Calculate the remainder when 15 is divided by b.
6
Let f(y) = -5*y - 8. Let r be f(-6). Suppose 5*o - 8 = r. What is the remainder when 15 is divided by o?
3
Let r(f) = f + 2. Let v(p) = -p**3 - 13*p**2 - 13*p. Let g be v(-12). Suppose 7*u = g*u - 15. Calculate the remainder when r(6) is divided by u.
2
Suppose -3*m + 9 = -w - 25, m - 6 = 3*w. Suppose -m = -z + 4. What is the remainder when (-3)/(-9)*-2*-69 is divided by z?
14
Suppose -q - 5*o = q - 10, 0 = 4*o - 8. Suppose -3*g - g + 36 = q. Calculate the remainder when 35 is divided by g.
8
Suppose v + 5*y = 2*y + 65, -2*y = -2. Calculate the remainder when v is divided by 9.
8
Let v = -4 + 6. Suppose -5*p + v*x + 13 = -25, 2*p + 5*x = -8. Calculate the remainder when p is divided by 8/(-12) - (-28)/6.
2
Let y be (-2)/(4/(-50)) - 3. Let a = 40 - y. What is the remainder when a is divided by 10?
8
Suppose -5*n - c = -111, -5*n + 6*n = 2*c + 31. What is the remainder when n is divided by 5?
3
Suppose 11*x = 6*x - y + 86, -20 = 5*y. Let j = -2 + 7. Suppose -j*f + 4*z + 244 = 0, 0*f + z + 100 = 2*f. What is the remainder when f is divided by x?
16
Let f(y) = y**3 + 7*y**2 - 2*y - 10. Calculate the remainder when 19 is divided by f(-7).
3
Let q(b) = b**2 + 17*b + 19. Calculate the remainder when q(-18) is divided by 8.
5
Let n(s) = 5*s**2 + s + 1. Let j be n(-1). Suppose -465 = -j*g - 3335. What is the remainder when (-21)/(-35) + g/(-10) is divided by 20?
18
Let j(m) = m**3 - 9*m**2 + 5*m + 1. Let s be j(4). Let k = -31 - s. Calculate the remainder when k is divided by 10.
8
Suppose 6 = x + 3. What is the remainder when ((-8)/6)/(1/(-3)) is divided by x?
1
Let v(o) be the third derivative of o**5/15 - o**4/12 + o**3/3 - o**2. What is the remainder when 39 is divided by v(2)?
11
Suppose 4*w = -0 + 48. Let l = -2 - -4. Calculate the remainder when l is divided by ((-6)/w)/(2/(-4)).
0
Suppose -43*p + 39*p + 88 = 0. Calculate the remainder when p is divided by 13.
9
Suppose -2*t + 2 = 4*h - 16, -5*h - 10 = 0. Calculate the remainder when 37 is divided by t.
11
Let j = -7 + 15. Suppose -j*d + 7*d = -6. Calculate the remainder when d is divided by 2.
0
Let h = -5 - -32. Calculate the remainder when 105 is divided by h.
24
Let x(r) = 15*r - 7. Let t be x(9). Suppose 3*a - t = a. What is the remainder when a is divided by 22?
20
Let u be 3 - (-5)/((-5)/3). Suppose -5*f + 4*p = -209, 4*f + 2*p - 196 + 34 = u. Calculate the remainder when f is divided by 21.
20
Suppose -3*o - o + t = -222, -5*o = -3*t - 281. What is the remainder when 23 is divided by 10/(-4)*(-132)/o?
5
Let s(z) = 10*z + 6. Let u be s(-4). Let n = u + 56. What is the remainder when n is divided by 12?
10
Suppose 4*h + h - 30 = 0. What is the remainder when 16 is divided by h?
4
Suppose -2*m = 2 - 8. Calculate the remainder when 17 is divided by 2/(m*6/45).
2
Let z(x) = -2*x**2 + 7*x + 9. Calculate the remainder when 19 is divided by z(4).
4
Suppose 4 = -4*x + 5*x. Let w(u) = -u**2 - 11*u + 1. Let y be w(-10). Suppose f + 2*b = -4, -2*f + 2*b = 1 - y. Calculate the remainder when x is divided by f.
0
Suppose 0*a = -a + 3. Suppose 1 = 2*g - 3. Calculate the remainder when (14/4)/(1/g) is divided by a.
1
Suppose 0 = l + 2*l + u - 1, 4*l = 2*u + 18. Let f be 0*l/4*-1. Suppose 2*g - 3*g + 9 = f. What is the remainder when 17 is divided by g?
8
Suppose 0 = 4*g - g. Suppose g = 2*y + 1 - 9. Calculate the remainder when 34*2/(y - 0) is divided by 6.
5
Let b(l) = l**3 + 2*l**2 - 2*l. Let x = 4 + -2. Calculate the remainder when (-140)/8*-1*2 is divided by b(x).
11
Let h(y) = -y**3 + 2*y**2 - y + 5. What is the remainder when 28 is divided by h(0)?
3
Let y = -5 - -8. Let p(m) = -3*m**2 + 3*m + 3. Let i be p(y). Let l = i - -28. What is the remainder when 24 is divided by l?
11
Let t(w) = 14*w**2 + w - 2. Calculate the remainder when 50 is divided by t(1).
11
Suppose w - 3*w = -30. Calculate the remainder when 28 is divided by w.
13
Let z(h) = h**2 + 15*h + 20. What is the remainder when 15 is divided by z(-14)?
3
Suppose 4*y + 21 = 5*y. Suppose 202 + 42 = 4*k. What is the remainder when k is divided by y?
19
Let q(c) = -c - 4. Let x be q(-7). Suppose -x*o - 24 = -6*o. Calculate the remainder when 30 is divided by o.
6
Let b = -2 - -4. Suppose b*w - w = 18. What is the remainder when 34 is divided by w?
16
Let w = 7 - -2. Calculate the remainder when 24 is divided by w.
6
Suppose 3*o = 4*f + 171, -285 = -5*o - 0*f + 4*f. What is the remainder when o is divided by 29?
28
Let l(j) = j**2 - 2*j + 3. Let i be l(5). What is the remainder when 59 + (-2)/(2 - 0) is divided by 4/(-18) + 364/i?
18
What is the remainder when (-3)/6 + 86/4 is divided by 11?
10
Let w(b) = -b**2 + 5*b - 1. Let v be w(7). Let y = v + 25. What is the remainder when 39 is divided by y?
9
Suppose 2*u + 5 = 3. Calcu